of 194 and 97?
97
Calculate the greatest common factor of 18 and 8.
2
What is the greatest common divisor of 4 and 11?
1
Calculate the highest common divisor of 7777 and 154.
77
Calculate the highest common factor of 38 and 361.
19
Calculate the greatest common factor of 25 and 275.
25
Calculate the greatest common factor of 43 and 3569.
43
Calculate the highest common factor of 4080 and 612.
204
Calculate the highest common factor of 198 and 1221.
33
What is the highest common divisor of 64 and 1376?
32
What is the greatest common factor of 253 and 161?
23
What is the greatest common factor of 16321 and 19?
19
What is the highest common divisor of 64 and 1184?
32
Calculate the highest common factor of 72 and 88.
8
Calculate the highest common factor of 10 and 2410.
10
What is the highest common factor of 34 and 4318?
34
Calculate the greatest common factor of 2962 and 2.
2
Calculate the highest common factor of 2392 and 286.
26
What is the highest common divisor of 32 and 37664?
32
Calculate the greatest common divisor of 66 and 176.
22
Calculate the greatest common divisor of 85 and 1122.
17
What is the highest common factor of 63 and 135?
9
Calculate the highest common factor of 42 and 1050.
42
Calculate the highest common divisor of 4975 and 25.
25
What is the greatest common divisor of 16083 and 9?
9
Calculate the greatest common factor of 29241 and 27.
27
What is the highest common factor of 7 and 259?
7
What is the highest common divisor of 2569 and 7?
7
What is the greatest common divisor of 267 and 1157?
89
What is the greatest common divisor of 16 and 56?
8
Calculate the highest common factor of 19796 and 14.
14
What is the greatest common factor of 216 and 5310?
18
Calculate the highest common divisor of 14580 and 180.
180
What is the highest common factor of 11 and 484?
11
Calculate the greatest common divisor of 275 and 15.
5
What is the highest common factor of 16 and 208?
16
What is the greatest common factor of 374 and 22?
22
What is the greatest common divisor of 69 and 1403?
23
What is the greatest common factor of 895 and 35?
5
What is the highest common factor of 4235 and 245?
35
What is the highest common divisor of 451 and 41?
41
What is the highest common factor of 1701 and 252?
63
Calculate the greatest common divisor of 2394 and 133.
133
What is the greatest common divisor of 20202 and 74?
74
What is the greatest common divisor of 68 and 2414?
34
Calculate the greatest common divisor of 196 and 8.
4
What is the greatest common factor of 295 and 5?
5
What is the greatest common factor of 3 and 61?
1
What is the highest common divisor of 285 and 30?
15
What is the greatest common factor of 301 and 28?
7
What is the highest common factor of 224 and 1736?
56
Calculate the greatest common factor of 76 and 342.
38
What is the greatest common divisor of 748 and 44?
44
Calculate the highest common divisor of 18 and 14265.
9
Calculate the highest common divisor of 46 and 6026.
46
Calculate the highest common divisor of 494 and 806.
26
Calculate the highest common factor of 84 and 196.
28
What is the highest common divisor of 7876 and 44?
44
Calculate the highest common factor of 15 and 447.
3
Calculate the greatest common factor of 35 and 110.
5
Calculate the highest common divisor of 7 and 1197.
7
Calculate the greatest common divisor of 11 and 209.
11
Calculate the highest common divisor of 27 and 783.
27
What is the greatest common divisor of 90 and 55170?
90
What is the greatest common factor of 1133 and 206?
103
What is the greatest common factor of 6480 and 560?
80
Calculate the highest common divisor of 96 and 216.
24
Calculate the highest common divisor of 341 and 44.
11
Calculate the greatest common factor of 135 and 54.
27
Calculate the highest common divisor of 3456 and 27.
27
Calculate the highest common factor of 5165 and 5.
5
What is the greatest common divisor of 855 and 45?
45
What is the highest common divisor of 23 and 529?
23
Calculate the greatest common factor of 658 and 98.
14
What is the highest common divisor of 162 and 189?
27
What is the greatest common factor of 204 and 544?
68
Calculate the greatest common factor of 10 and 160.
10
What is the greatest common factor of 16 and 440?
8
Calculate the highest common factor of 87 and 8149.
29
Calculate the greatest common factor of 1017 and 9.
9
Calculate the greatest common divisor of 1975 and 316.
79
What is the highest common factor of 1066 and 13?
13
What is the greatest common divisor of 738 and 533?
41
Calculate the greatest common factor of 10 and 160.
10
Calculate the highest common factor of 3922 and 742.
106
Calculate the highest common factor of 201 and 5025.
201
Calculate the greatest common divisor of 25 and 625.
25
What is the highest common divisor of 856 and 24?
8
What is the highest common divisor of 78 and 156?
78
What is the highest common divisor of 2 and 1736?
2
Calculate the greatest common divisor of 99 and 27.
9
Calculate the highest common factor of 7204 and 4.
4
Calculate the highest common divisor of 14 and 4.
2
What is the greatest common factor of 28 and 2492?
28
Calculate the highest common divisor of 471 and 12.
3
Calculate the highest common divisor of 44 and 374.
22
What is the highest common factor of 37455 and 22?
11
Calculate the greatest common divisor of 50 and 5450.
50
Calculate the highest common divisor of 8766 and 18.
18
Calculate the greatest common divisor of 10633 and 434.
217
What is the greatest common factor of 72 and 18?
18
What is the greatest common factor of 828 and 612?
36
What is the greatest common divisor of 288 and 1062?
18
What is the greatest common divisor of 2470 and 380?
190
Calculate the highest common factor of 399 and 2926.
133
What is the greatest common factor of 25 and 485?
5
Calculate the greatest common divisor of 72 and 40.
8
Calculate the highest common factor of 63 and 672.
21
Calculate the greatest common factor of 2110 and 40.
10
What is the greatest common factor of 482 and 78566?
482
Calculate the highest common divisor of 21 and 357.
21
What is the highest common divisor of 672 and 231?
21
Calculate the greatest common divisor of 1349 and 190.
19
What is the highest common divisor of 656 and 123?
41
What is the highest common divisor of 54 and 243?
27
What is the highest common factor of 1665 and 111?
111
Calculate the greatest common factor of 50 and 1550.
50
What is the highest common factor of 280 and 120?
40
Calculate the greatest common factor of 33 and 759.
33
What is the highest common factor of 82 and 14?
2
What is the greatest common divisor of 104 and 78?
26
What is the greatest common factor of 245 and 882?
49
Calculate the highest common divisor of 1944 and 24.
24
Calculate the highest common divisor of 10105 and 5.
5
Calculate the highest common factor of 147 and 231.
21
Calculate the greatest common divisor of 110 and 22.
22
Calculate the greatest common factor of 7379 and 141.
47
What is the highest common factor of 8 and 1502?
2
What is the greatest common factor of 145 and 203?
29
What is the highest common factor of 2812 and 37?
37
Calculate the greatest common divisor of 56 and 88.
8
What is the greatest common divisor of 11 and 506?
11
What is the highest common factor of 208 and 65?
13
Calculate the highest common divisor of 497 and 7597.
71
Calculate the highest common divisor of 525 and 5.
5
What is the greatest common divisor of 27 and 54?
27
Calculate the highest common divisor of 39 and 702.
39
What is the greatest common factor of 180 and 480?
60
What is the highest common divisor of 48 and 888?
24
Calculate the greatest common divisor of 56 and 427.
7
What is the highest common divisor of 56 and 252?
28
What is the highest common factor of 105 and 30?
15
What is the greatest common factor of 12 and 84?
12
What is the highest common factor of 3 and 57?
3
Calculate the greatest common factor of 44 and 22132.
44
What is the greatest common factor of 185 and 15?
5
What is the greatest common divisor of 2 and 82?
2
What is the greatest common divisor of 9 and 27?
9
What is the highest common divisor of 6017 and 99?
11
What is the highest common factor of 492 and 164?
164
What is the highest common divisor of 462 and 77?
77
Calculate the highest common f